d by h?
9
Suppose 0 = 4*q + 29 + 19. Let t = q + 28. Calculate the remainder when (t/(-20))/((-4)/610) is divided by 31.
29
Suppose 6*b - b = 955. Suppose b = 2*s + 59. Calculate the remainder when s is divided by 18.
12
Let a(x) = -x**2 + 3*x + 15. Let g = -11 + 15. Suppose -g*t + 226 + 2 = 0. What is the remainder when t is divided by a(0)?
12
Suppose 5*s = 7*s + 2. Let g(n) = -9*n**3 + n**2 + n. Let v be g(s). Calculate the remainder when (-2)/v + 685/45 is divided by 6.
3
Suppose -23*l - 44 = -26*l - 5*z, l - 4*z = 26. What is the remainder when 85 is divided by l?
13
Suppose -285 = -12*l + 639. Calculate the remainder when l is divided by 74.
3
Let c = -62 - -144. Suppose -84*q = -c*q - 58. What is the remainder when 115 is divided by q?
28
Let h = 186 - 164. What is the remainder when (-3)/(1*(-3)/86) is divided by h?
20
Let i be (4/(-18)*3)/(2/(-18)). What is the remainder when (6*23)/(i - 4) is divided by 8?
5
Let r = -2 + -1. Let t(m) = 2*m**3 + m - 1. Let b(x) = 13*x**3 + 5*x**2 + 10*x - 6. Let z(a) = b(a) - 6*t(a). What is the remainder when 11 is divided by z(r)?
5
Suppose 2*y - f - 188 = -5*f, 158 = 2*y - 2*f. What is the remainder when 300 is divided by y?
48
Suppose -2*m = 4*g - 7*m - 42, 0 = -2*g - 3*m + 10. Let r(n) = -n**3 + 8*n**2 - n + 10. Suppose h + 4 = 7. What is the remainder when h is divided by r(g)?
1
Suppose 143 = 4*z + 27. Let v(r) = 9*r - 1. Let b be v(6). Suppose b = 3*u - 205. What is the remainder when u is divided by z?
28
Suppose j + 4*j - 45 = 0. Suppose w = 2*u - 2*w - 12, -5*w = -10. Let z(s) = -s**2 + 9*s + 16. What is the remainder when z(u) is divided by j?
7
Let v = -218 - -143. Let m = v - -172. Calculate the remainder when m is divided by 14.
13
Let u(n) = n**3 + 27*n**2 - 31*n + 54. What is the remainder when 335 is divided by u(-28)?
59
Let q be -57*4/(-48) + (-1)/(-4). Let w(v) = v**3 - 5*v**2 + v + 8. What is the remainder when 48 is divided by w(q)?
9
Let p(w) = -w**2 + 19*w - 23. Let h be p(18). What is the remainder when (-1 - -11)*((-87)/(-15) + h) is divided by (2 + 3 + 0)*1?
3
Let u = -21 - -35. Suppose -792 = -20*m + 1128. What is the remainder when m is divided by u?
12
Suppose -61 = -4*u - n + 34, 3*u - 2*n = 85. Let q be (12/15)/(1/u). Let a = 9 + q. Calculate the remainder when 54 is divided by a.
25
Let s(r) = r + 12. Let f be s(-6). Let o = -3 + f. Suppose 0 = -4*l - 2*p + 70, -5*l - 2*p + 95 = o*p. Calculate the remainder when 45 is divided by l.
13
Let t be (-30)/(-40) + -605*1/(-4). Let i = t + -53. Let v(o) = o**3 - 6*o**2 - 3*o + 6. Calculate the remainder when i is divided by v(7).
31
Let s(i) = 8*i + 6. Let c be s(-4). Let h = 42 + c. What is the remainder when h is divided by 9?
7
Let j(h) = -h + 27. Let f be j(-5). Suppose -2*y + f = -0*y - 4*b, 2*b - 14 = -2*y. Calculate the remainder when y is divided by 3.
1
Let d(i) = -i**3 - i**2 - 2*i + 14. Let x be d(-9). Suppose -11*y + 508 = -x. Calculate the remainder when y is divided by 22.
20
Suppose -5*a - 8 = 12, -3*z - 13 = a. Let u be 11 + (-1 - (z - -1)). Let x = u + -11. What is the remainder when 1 is divided by x?
0
Suppose 4*m = -4*d + 300, -4*d = -0*m + m - 78. Let o = m + -50. What is the remainder when 94 is divided by o?
22
Calculate the remainder when 398 is divided by (19/(-2) - 1)*-2.
20
Let t(v) = 5*v - 3. Let f be 1*(3 - 3) + 6 - 4. Calculate the remainder when 17 is divided by t(f).
3
Let b = 38 - 22. Let u = 198 - 190. Suppose -u*h + 161 = -87. Calculate the remainder when h is divided by b.
15
Suppose 5*r - 135 = -0*r. Suppose h - 10 = -h. Suppose -9*n = -7*n - u - 101, -4*n + h*u + 193 = 0. What is the remainder when n is divided by r?
25
Suppose 8*f - 9*f = 0. Suppose f = 2*o - 2*a - 14, -o - o - 4*a + 38 = 0. What is the remainder when 32 is divided by o?
10
Suppose -297 - 333 = -18*k. What is the remainder when 196 is divided by k?
21
Suppose -v = -2*s - 6 + 26, 14 = 2*s - 4*v. Suppose 0 = -4*a + 9 + s. Suppose 3*w + a = 23. What is the remainder when 18 is divided by w?
0
Let p(v) = -7*v - 149. What is the remainder when p(-35) is divided by 25?
21
Suppose 2*q - 210 = -3*q. Suppose 11 = 5*b + 1. Suppose 0 = -0*p - b*p + q. What is the remainder when p is divided by 11?
10
Let p = 558 - 538. What is the remainder when p is divided by 11?
9
Suppose -6*g - 42 = -9*g. Suppose 0 = 5*a - g - 6, -t + 3*a = -5. Calculate the remainder when 30 is divided by t.
13
Let u = 5 + -3. What is the remainder when 2 + u*(-2 + 3) is divided by (3/(-6))/((-19)/152)?
0
Let a(r) = -r**3 + 2*r**2 - 2*r - 2. Let l = 5 - 7. Let n be a(l). Let u = n - 9. Calculate the remainder when 35 is divided by u.
8
Suppose -6 + 1 = 5*i, 3*t - 6 = 3*i. Suppose t = -c + 9. Suppose 5*n = 4*n + c. Calculate the remainder when 15 is divided by n.
7
Let q be (18/8)/((-5)/(-20)). Let p be 2/q + 215/45. Suppose 0 = -p*u + 2*s + 192, -2*s = 4*u - s - 164. What is the remainder when u is divided by 14?
12
Let l(s) = -s**3 - 9*s**2 + 8*s - 11. Let q(a) = -a**3 + 6*a**2 - 10*a + 15. Let d be q(5). Calculate the remainder when 15 is divided by l(d).
6
Let a = 40 - 27. Suppose 0 = 18*h - 80 - 316. Calculate the remainder when h is divided by a.
9
Let z = 1 - -3. Let t be (2 + (-50)/22)*451/(-41). Suppose z*q - 289 = -t*d + 4*d, -4*q = -5*d - 309. Calculate the remainder when q is divided by 18.
17
Suppose -5*d + 2*t = 602 - 2083, 3*d - 3*t - 885 = 0. What is the remainder when d is divided by 50?
47
Suppose -5 = -f, -f = 4*l - 3*l - 15. Let a = 62 + -14. Let k = a + -30. What is the remainder when k is divided by l?
8
Let h(n) = n**3 + 2*n**2 - 6*n + 8. Let i be h(-4). Suppose i = 3*s - 85 - 101. Calculate the remainder when s is divided by 33.
29
Let h(t) = -t**3 + 6*t**2 + 8*t - 5. Let j be h(7). Suppose -l = j*l - 57. Suppose -4*c + 8*c - 48 = 0. What is the remainder when l is divided by c?
7
Let q = 205 - 80. Calculate the remainder when q is divided by 10.
5
Suppose -6*c = -c - 15. What is the remainder when (26 + -11)*3/5 is divided by c?
0
Let g(z) = -z**2 - 19*z + 7. Suppose -4*t + 2*t = -l + 36, 5*t + 90 = 5*l. Calculate the remainder when 98 is divided by g(t).
23
Let b = 485 - 390. Calculate the remainder when b is divided by 41.
13
Let x = -295 + 303. Calculate the remainder when x is divided by 5.
3
Let d = -46 - -48. Suppose d*j + 2 = j, 3*l - 163 = -j. Calculate the remainder when 218 is divided by l.
53
Suppose -3*j - 1 = -g, j - 4*g + 4 = -2*j. Suppose -5*z = -5*r + 115, 2*r - 5*z - 46 = -j*r. Calculate the remainder when 33 is divided by r.
10
Let a(z) = 8*z**2 - z + 10. Let t be a(6). Suppose 4*l + t = 4*h, -5 = -2*l + 5. What is the remainder when h is divided by 8?
6
Let y(w) = -w - 15. Let h be y(-6). What is the remainder when 11 is divided by ((-6)/h)/((-4)/(-24))?
3
Let q(p) = -330*p**3 - 2*p**2 - p. Let w be q(-1). Suppose w + 97 = 3*r. What is the remainder when r is divided by 9?
7
Suppose 16*c - 12 = 132. Calculate the remainder when 13 is divided by c.
4
Let j(i) = i + 8. Let m be j(0). Suppose -2*n = 3*n + 15. Let o = m + n. What is the remainder when 14 is divided by o?
4
Suppose n - 2 = 0, 9*n - 25 = -3*l + 4*n. Let v(r) = -r**3 + 20*r**2 + 342*r - 10. Calculate the remainder when v(31) is divided by l.
1
Let t be 1 + (0 + 12)/3. Suppose u + 40 = 4*p + 4*u, -3*u - 50 = -t*p. Calculate the remainder when p is divided by 2.
0
Let c(u) = -3*u + 10. What is the remainder when 358 is divided by c(-3)?
16
Suppose -2*c - 90 = -2*y, -3*c - 71 - 107 = -4*y. Let h = -60 + 85. What is the remainder when y is divided by h?
18
Suppose -15 = m + 5*a - 58, -19 = -m + 3*a. What is the remainder when 74 is divided by m?
18
Suppose -68*w - 1215 = -77*w. What is the remainder when w is divided by 47?
41
Calculate the remainder when (-55)/(-33)*(-378)/(-15) is divided by 16.
10
What is the remainder when 10 is divided by 9 - 0*4/16?
1
Suppose 0 = -v - 3*v + 116. Suppose -v - 3 = -2*u. Let p = u - -2. What is the remainder when p is divided by 7?
4
Let f(h) = -h**3 - h**2 + 3*h - 2. Suppose 7 = r - 11. Calculate the remainder when r is divided by f(-3).
4
Let x(c) = 2*c**2 + 83*c + 490. What is the remainder when 212 is divided by x(-6)?
20
Suppose 5*d - 540 = 5*b, -2*d + 268 = 3*b + 27. Calculate the remainder when 335 is divided by d